n. Is c a composite number?
True
Let c(r) = -61*r**3 + 7*r**2 + 25*r + 118. Is c(-9) a composite number?
True
Is 20/(-2)*(10294/12)/(-1)*3 prime?
False
Is 87/21*(-208397)/(-7) a composite number?
True
Let l(d) = 33*d + 103. Let x be l(-3). Suppose -x*v = -12, -3*s - v - 3*v = -31335. Is s composite?
True
Suppose 4*b = -u + 10, 5*u - 82 = 3*b - 7*b. Suppose -9*q - 25983 = -u*q. Is q prime?
True
Let r = 230622 + -112823. Is r a composite number?
True
Suppose 0 = -35*b - 343747 + 1028312. Is b prime?
True
Let w be 6/21 + 30816/42 + 1. Let l = w + -432. Is l a composite number?
True
Is 2228925/4 - (561/68 + -8) prime?
False
Suppose -28 = -7*b - 7. Suppose -5*n = 3*m - 46, 2*n - b*m - 37 = 2*m. Is n - 9 - -11*49 a composite number?
False
Let d be (-3885)/4 - ((-26)/8 + 3). Let y = 2554 + d. Is y a prime number?
True
Is 1/(((-143)/(-4778761))/11) prime?
True
Suppose 16*u = 12*u + 420. Is 14/u - (-837759)/45 composite?
False
Let r(w) = 119*w**2 + 14*w + 5. Suppose 0 = 3*f - 2*p - 8, -4*f + 2*p + 18 - 4 = 0. Is r(f) composite?
False
Let i(p) be the third derivative of -p**5/60 - p**4/6 - 12*p**2. Let r be i(-4). Suppose r = 6*w - 5518 - 356. Is w a prime number?
False
Let f(n) = -29*n**2 - 5*n - 2. Let g be f(-3). Let r = -422 - -359. Is (g/12)/(6/r) a prime number?
False
Let b(c) = 47662*c - 10783. Is b(75) a prime number?
True
Is 57/38 + (-52156)/(-8) prime?
True
Suppose -11*g + 4*o + 16786 = -9*g, -4*g = o - 33527. Is g a composite number?
True
Let u(c) = 29076*c + 205. Is u(10) a prime number?
False
Suppose 5*m - 5*p - 20476 = 10484, 18588 = 3*m + 3*p. Is (53 + -51)/(1/(m/4)) a prime number?
False
Let k(m) = 792*m - 13. Let s be (-67)/(-3) + 9/(-27) + -1. Is k(s) prime?
True
Suppose -h = 2*c + 20, 20 = -3*c - 8*h + 9*h. Is (-6546)/(-8) + 2/c composite?
True
Let y be 18*3*(0 + -3 + 2). Let a = 61 + y. Suppose 33028 = a*w + 9137. Is w composite?
False
Let l(x) = -x**2 - 8*x + 3. Let m be l(-8). Let h be (m/3 - 1)/(-1). Suppose 3*j - 669 = -h*j. Is j a composite number?
False
Suppose 3*d - 18 = -w, -2*d + w = 2*d - 24. Suppose -1135 - 9527 = -d*b. Is b a prime number?
True
Suppose 79400 = 5*v + 2*f, 8*f - 11*f = 0. Let l = v + -9245. Is l a composite number?
True
Let g(n) be the second derivative of -15*n**3/2 + 5*n**2 - 8*n. Suppose -5*q + 5 = -6*q. Is g(q) a composite number?
True
Suppose 0 = 3*m - 12 - 6. Let y be (-33506)/m + 2/6 + 0. Is 4 + (1 - y/4) a prime number?
False
Let u be (4648/(-84))/((-2)/81). Suppose -4*v = -4*z - 8956, -v - z = -3*z - u. Is v prime?
True
Let y = 10468 + -16434. Is (-1)/(8/y) - (-33)/132 a prime number?
False
Is (-4)/(-12)*(-7 + 294488 + -4) composite?
True
Suppose -3*h = -h - 756. Let w = -1257 + -22. Let i = h - w. Is i prime?
True
Let h be ((-3783)/(-9) + 1)*42/28. Let t be (-2)/(3 + -1)*47. Let n = h - t. Is n a prime number?
False
Let c = 14 - 16. Is 892/c*(-28)/56 a prime number?
True
Let q(d) = 1434*d**2 - 717*d + 15. Is q(24) a prime number?
False
Suppose -3*i + 5*v = -553097, -7*v + 184367 = i - 8*v. Is i composite?
False
Let g be (-1 + (-15)/6)*-2. Let b = g - -80. Is 2 + (-2)/1 + b composite?
True
Let f = 255602 - 172791. Is f a composite number?
False
Let p = 465 - -288. Suppose -2757 = -2*v - 2*g + p, 0 = -3*v - 4*g + 5269. Is v prime?
False
Let c(i) = -27*i**3 - i**2 - 4*i + 4. Let f be c(-4). Let j = 3393 - f. Is j prime?
False
Let h be (-26)/91 + (-23)/(-7). Suppose h*c + 2*c = l + 348441, -5*l - 2*c = 1742286. Is (-4)/(-26) - l/312 composite?
False
Let d(t) = 29753*t**2 + 46*t + 25. Is d(-4) a prime number?
True
Suppose -a = 3, 4*x - 3*a + 0*a - 1 = 0. Is -1*x/(-4)*-6410 a prime number?
False
Let q = 82247 + -15670. Is q a composite number?
True
Let c(w) = 2*w. Let z(s) = -11*s - 72. Let k(g) = -22*c(g) - 2*z(g). Is k(5) prime?
False
Let n be 441/(-91) + (-4)/26. Let c be (1/(-2))/(n/10). Suppose 0 = 2*i + 3 - c, -3*i = l - 100. Is l prime?
True
Suppose -2*s = 2*v - 18622 + 1112, 4*s + 11*v - 35034 = 0. Is s composite?
False
Suppose 4*k = -4*w + 2*w + 30, w = -5*k + 27. Let v(p) be the third derivative of p**6/60 + 3*p**5/20 + 5*p**4/24 - p**3/2 - 4*p**2. Is v(w) a prime number?
False
Let p(f) = 6*f**3 - 4*f**2 - 4*f - 2. Let c be -7 + 7/2 - 1/(-2). Let z be p(c). Let r = z + 447. Is r composite?
True
Suppose -7308 = 7*x + 2*x. Suppose 0 = 4*m - 4*s - 6032, 1488 = m + s - 6*s. Let r = x + m. Is r a prime number?
True
Let y(l) = 9112*l - 53. Let s(u) = -6075*u + 35. Let a(m) = -8*s(m) - 5*y(m). Is a(2) a prime number?
False
Let c be 1785 - (3/(-7) + 22/(-14)). Let o = c - -546. Is o prime?
True
Let x(z) = -22485*z - 2209. Is x(-6) prime?
True
Let i(h) = -11987*h**2 + 3*h. Let q be i(1). Let b = q + 21135. Is b a composite number?
False
Suppose -12*x + 14*x = -2*l + 40, -3*l + 77 = 4*x. Suppose 45925 + 17774 = x*v. Is v a composite number?
True
Let l(z) = 130*z - 38. Let y be l(13). Let w = y + -773. Is w composite?
True
Let k = 56835 - 37488. Is k composite?
True
Let b be 2/(-5) - 648/(-120). Suppose b*j = 5573 + 1732. Is j a prime number?
False
Let z(w) = -494*w + 67. Let h = 460 - 475. Is z(h) prime?
True
Let a(l) = 158*l - 25. Let f = 93 - 86. Is a(f) prime?
False
Let d = -444 + 440. Is ((-10)/4 - d)/(6/33052) composite?
False
Suppose j - 4 + 2 = 0. Suppose 3*s + 4823 = j*t, 4*t - s + 4*s = 9673. Suppose -t = -3*a - 5*a. Is a composite?
True
Suppose 3*b - 2*t = -0*t - 5, -b - t = 0. Let v(f) = -3760*f + 1. Is v(b) a prime number?
True
Let u(z) = 1752*z**2 + 38*z + 29. Is u(16) a prime number?
True
Let q = 6309 + -2881. Let f = 12519 - q. Is f composite?
False
Let z = 64 + -10. Suppose -52*k + z*k = 12286. Is k a composite number?
False
Is (253/44 + (-2)/(-8))*116652467/438 a composite number?
False
Let k be -1*2 + (3 - 11) + 13. Suppose 3122 = k*v - 9457. Is v composite?
True
Suppose -3*p - 5*p - 32 = 0. Let x be p/6 - 1000/(-24). Suppose -22527 = -x*z + 38*z. Is z a prime number?
False
Suppose n + 6*n = -18746. Let s = 4909 + n. Is s a composite number?
True
Let i(o) = -o + 139 + 1017*o**2 - 49*o - 139. Is i(7) composite?
True
Let n = 36883 - -9106. Is n composite?
False
Suppose -322*p + 409445 = -5393317. Is p composite?
True
Suppose -14*u + 2319125 = 11*u. Is u a prime number?
False
Suppose 5*u - m = 15, 0 = -u + 3*u + 3*m + 11. Let c be -4 - 613*(u - 5). Suppose x = 0, -v = -0*x + 3*x - c. Is v composite?
True
Suppose -10*m + 9*m + 3 = 0. Suppose m*l + l - 28 = 0. Suppose l*q - 283 = 200. Is q a composite number?
True
Let d be 3/45*-3 + (-32)/(-10). Suppose 4*i + 13 = -d, 2*h = -i + 1258. Is h prime?
True
Let x = -105763 + 173382. Is x a prime number?
True
Let x be 0 - -12*(78 + -2). Let h be x/18 - 20/(-15). Suppose h*y - 4765 = 47*y. Is y a prime number?
True
Let s(z) = 324*z**2 - 70*z**2 + 70*z**2 + 18*z**2 + 168 - 9*z + 22. Is s(-11) a composite number?
True
Let o(a) = -96653*a + 10075. Is o(-6) composite?
False
Let a be ((-264)/42 - -6) + (-48)/(-21). Is 118/413 + a*(-16194)/(-28) composite?
True
Let f = -9491 - -93028. Is f a composite number?
False
Is (9/(-6))/(69/(-8678038)) composite?
False
Let a be (-14)/35 - 3/((-15)/52). Suppose -v = a*v - 19547. Is v a prime number?
True
Let c be (-151239)/12 + 2 + (-21)/28. Let q = -8295 - c. Is q prime?
False
Is (46 + -43)*(-2)/(-6)*9218443/13 a composite number?
True
Let l = 345754 - 168077. Is l a prime number?
True
Suppose 11 = 4*c + 8 - 1. Suppose 3*s + 114 = 4*m, 0 = -3*s - 2*s - 5*m - 190. Is (s + 1)/(c/(-2)) composite?
True
Let t(r) = 8*r**2 + 2*r + 1. Let v be t(-1). Suppose -v + 1 = -2*u, h - u = -477. Let q = 1625 + h. Is q a prime number?
True
Let m be (-4)/(-2) + 52 + -41. Suppose -m*i - 13474 + 66423 = 0. Is i prime?
True
Let r(v) = 3147*v - 1927. Is r(36) a prime number?
False
Suppose 6574564 = 670*o - 665*o - 3*v, 3944779 = 3*o + 4*v. Is o a composite number?
False
Suppose 30*n = -5*b + 35*n + 599635, -b + 3*n = -119915. Is b prime?
False
Let m = 1213 + 544. Suppose -4*p + 127 = -m. Is p a composite number?
True
Let b = -43464 + 93821. Is b composite?
True
Let g(r) = -60*r**3 - 5*r**2 - 30. Let j be g(5). Let d = j + 12940. Suppose 4*q = -681 + d. Is q prime?
True
Let w(d) = -d**2 + 6*d + 46. Let m be w(11). Is 1095/10*((-138)/m)/1 a composite number?
True
Let c = 453 + -443. Is 40462/c + 2 + 4/5 a prime number?
True
Suppose -